-4*t, 2*t - 2*u + 22 = 0. What are the prime factors of ((-20)/t)/((-10)/(-75))?
5
Let w(a) be the third derivative of -a**5/60 + 7*a**4/24 - 5*a**3/6 - 3*a**2. List the prime factors of w(5).
5
Suppose -3*a - 72 + 296 = 4*q, 2*a - q = 142. What are the prime factors of a?
2, 3
Suppose 0 = 4*r - k - 57, 5*k + 12 - 63 = -4*r. List the prime factors of r.
2, 7
Let t(p) = p + 2. Let u be t(0). Suppose 7*g - u*g - 60 = 0. List the prime factors of g.
2, 3
Let q(a) = a + 4. Let t be q(-5). Let s be (t/3)/(2/(-24)). Suppose z - 2*z = -s. List the prime factors of z.
2
Let k be 408/20 + (-2)/5. Suppose 5*i - k = 3*i. What are the prime factors of 4/(-10) - (-64)/i?
2, 3
Let u(l) = 19*l**2 + 2*l + 4. What are the prime factors of u(3)?
181
Let w be (0 + 10)*(-2)/4. Let m(s) = s**3 + 5*s**2 - 4*s - 2. List the prime factors of m(w).
2, 3
What are the prime factors of (-6)/(-4)*(-10 + 12)?
3
Let a = -34 - -22. Let l = a + 17. Suppose 0 = l*i - 4*h - 31, -6 = -2*i + 4*h + 4. What are the prime factors of i?
7
Let b(p) be the third derivative of -p**5/60 - p**3/6 - p**2. Let q be b(0). What are the prime factors of 23/2 - q/2?
2, 3
Let k(q) = q**2 - 10*q. Let v(r) = -r**3 + 3*r**2 + 3*r + 1. Let u be v(4). Let o(h) = -h**2 + 11*h. Let b(x) = u*k(x) - 2*o(x). List the prime factors of b(6).
2, 3
Let j = 9 + -5. Suppose -3*m + j*m - 2*z = 0, 20 = 4*z. What are the prime factors of m?
2, 5
Let x be (-1)/4 - 18/(-8). Let m = x - -4. Suppose 2*v - m = v. List the prime factors of v.
2, 3
Let s = 68 + -12. List the prime factors of s.
2, 7
Suppose 0*i = -5*i - 35. Let w be -5*(-6)/(-75)*5. List the prime factors of w/(-7) + (-54)/i.
2
Let z = -128 - -357. List the prime factors of z.
229
List the prime factors of (-8312)/(-22) + (-40)/(-220).
2, 3, 7
Let j(l) = l**2 + 4*l + 2. Let s be j(-4). Let q(y) = 0*y + s - 2*y + 3*y + 0. List the prime factors of q(2).
2
List the prime factors of ((-222)/(-9))/((-4)/(-6)).
37
Let m be 4/6 + (-156)/(-9). Let i be (130/(-91))/(2/(-14)). Let t = m - i. List the prime factors of t.
2
Let u = 30 + 12. What are the prime factors of u?
2, 3, 7
Let g = 40 + -13. What are the prime factors of g?
3
Let p(h) = -h**2 + 5*h + 4. Let x be p(5). Suppose -x*d - 3*q + 11 = 0, -2*q + 6 = -d - q. Let t = d + 6. What are the prime factors of t?
5
Let j(o) = o**2 - o + 1. Let i be j(1). Let g(h) = 11*h + 1. What are the prime factors of g(i)?
2, 3
Let q be ((1 + -2)/(-1))/1. Suppose 3*w = p + 14, 5*w = 4*p + 4*w + q. List the prime factors of -1*p - (-5 - -2).
2
Let f(k) be the second derivative of -k**5/20 + k**4 + k**3/2 + k**2 + 9*k. List the prime factors of f(12).
2, 19
Suppose -3*z - z = -164. List the prime factors of z.
41
Let y(m) = m**3 - 3*m**2 + 5*m - 6. Let o be y(5). Suppose 4*t = t + o. What are the prime factors of t?
23
Suppose 5*o = -t + 3*o + 91, -t + o + 94 = 0. Suppose z + t = 4*z. What are the prime factors of z?
31
Let h be (-1 + 2)*(3 + -1). Suppose 0 = a - 6*a + 15. Suppose -8 = -h*u - s, 3*s - 22 = -2*u - a*u. What are the prime factors of u?
2
Suppose 2*d + 2*d = -12. Let l be 1/1*(-14)/2. Let h = d - l. List the prime factors of h.
2
Let i(n) = -1 + 2*n - 3 - n + 3*n. Let a be 4 - ((-2)/1 + 2). What are the prime factors of i(a)?
2, 3
Let x(q) = -q + 10. Let i be x(0). List the prime factors of (-1)/2*(0 - i).
5
Let c = 13 - 7. Suppose 0 = h - 5, -2*n + c*h + 36 = 2*h. What are the prime factors of n?
2, 7
Let o(j) = j**2 - 7*j - 8. Let n be 0 + -2 + -1 - -12. What are the prime factors of o(n)?
2, 5
Let m(r) be the second derivative of -r**3/6 + r**2/2 - 2*r. Let g be m(5). Let i = g + 7. What are the prime factors of i?
3
Suppose -3*t - 2*t - 2*d + 17 = 0, -3*t = 4*d - 13. Let k(f) = f**3 - 2*f**2 + 4*f - 3. List the prime factors of k(t).
2, 3
Suppose 0 = -2*u + 3 + 1, -11 = -3*s + 5*u. List the prime factors of s.
7
Suppose -24*p + 127 = -23*p. What are the prime factors of p?
127
What are the prime factors of (3 - 10)*(-12)/(-56)*-8?
2, 3
Let c(a) = 5*a + 7. Let j be c(-4). Let o = j + 23. What are the prime factors of o?
2, 5
Suppose -2*z - 23 = -3*r + 90, 0 = 3*r + 2*z - 121. List the prime factors of r.
3, 13
Let t be (-240)/9*(-6)/5. What are the prime factors of (8 + -11)/((-6)/t)?
2
Suppose -v + 550 - 145 = 5*k, 353 = 4*k - 5*v. Suppose -4 + 19 = 3*j + 3*w, -3*j - w + 13 = 0. Suppose k - 18 = j*i. What are the prime factors of i?
2
Suppose 0 = -0*p - 3*p + 126. List the prime factors of p.
2, 3, 7
What are the prime factors of 2 - 2 - -1 - (-32)/1?
3, 11
Suppose -5*c - 24 = -134. List the prime factors of c.
2, 11
Suppose -4*o = -13 + 5. Suppose o*h - 49 + 9 = 0. What are the prime factors of h?
2, 5
Let x be (-3)/(-1 + (-3)/6). Let a be (x/(-5))/(3/15). What are the prime factors of 6/3*(8 + a)?
2, 3
Let p = -2 - -4. Suppose -u = -3*b - 30, -p*u = -4*u - 4*b + 50. Let v = -19 + u. What are the prime factors of v?
2
Let o = 7 + -5. Suppose -5*a - 34 = -3*j, 6*j - 3*a - 27 = o*j. List the prime factors of (-2)/(0 + j/(-6)).
2
Suppose -259 = -i + 5*b, 2*i + i = b + 805. List the prime factors of i.
269
Let b(k) = -32*k + 56. What are the prime factors of b(-7)?
2, 5, 7
Let r(f) = -f**3 + 3*f**2 + 3. Let w be r(4). Suppose -77 = 4*t - 3*j, 0*t - 5*t = 2*j + 125. Let g = w - t. What are the prime factors of g?
2, 5
Suppose 3*o - 2 = 3*a - a, -3*o - a = -8. What are the prime factors of 336/18 + o/(-3)?
2, 3
Let d(b) = 10*b - 15. List the prime factors of d(19).
5, 7
Suppose 5*u + 2*n - 5*n - 30 = 0, -5*n + 7 = -2*u. What are the prime factors of u?
3
Let w(b) = b - 7. Let n be w(9). Suppose n*s - 20 = -2*s. Suppose -p + 0*r + s*r + 2 = 0, 5*p - 10 = 3*r. List the prime factors of p.
2
Let h = -43 + 79. Suppose z - 18 = 2*z - 3*p, 4*p + h = -2*z. Let k = 33 + z. What are the prime factors of k?
3, 5
Suppose 6*v - 2*v - 168 = 0. Suppose 3*b = -0*b + v. List the prime factors of b.
2, 7
Suppose 2*z + z = 108. List the prime factors of z.
2, 3
Suppose 3*w + y = 130, 5*y + 6 = 2*y. What are the prime factors of w?
2, 11
Let f(b) be the first derivative of 34*b**3/3 + b**2/2 + b + 4. List the prime factors of f(-1).
2, 17
Let u be 2/(-3 - (-39)/15). Let d(h) be the third derivative of -h**4/12 + h**3/6 + h**2. List the prime factors of d(u).
11
Suppose 4*k - k - 48 = 0. What are the prime factors of k/4 + (-40)/(-2)?
2, 3
Suppose -3*d + 3*z + 57 = 0, 3*d - 4*z = 4*d - 24. Let t be ((-16)/d)/(4/(-10)). Suppose -2*o - t*o = -24. What are the prime factors of o?
2, 3
Let n(a) = -a**3 - 7*a**2 + a + 10. List the prime factors of n(-8).
2, 3, 11
Let s(y) = y**2 + y. Let p be s(-1). Suppose -5*x = 3*r - 160, -5*r + r + 20 = p. Suppose 23 = 4*c - x. List the prime factors of c.
13
Suppose 0 = 3*p - 6*p. Suppose -5*o + 10 = -p*o. Suppose -3*c - 5*b = -40, -c + 2*c + 5 = o*b. List the prime factors of c.
5
Let p = -1 - -17. Let s be p + (5 - (-6)/(-2)). Let a = 27 - s. What are the prime factors of a?
3
Let r(m) = -m**3 + 11*m**2 - 16*m. List the prime factors of r(9).
2, 3
Suppose 0 = 4*a + n - 51, 3*n + 2*n + 9 = 2*a. What are the prime factors of a?
2, 3
What are the prime factors of 21392/128 + (-1)/8?
167
Let i(g) = g**2 - 3*g - 7. Let x be i(5). Suppose 2*k - 1 - x = 0. List the prime factors of k.
2
Let z = 26 - 20. List the prime factors of z.
2, 3
Let a(r) be the third derivative of -r**4/24 - r**3/2 + r**2. Let d be a(-6). List the prime factors of (5 - -2)*(-2 + d).
7
Let n(s) be the first derivative of 3*s**4/4 - s**3 + s**2 - 2*s + 5. List the prime factors of n(2).
2, 7
Let f(i) = -52*i - 14. What are the prime factors of f(-3)?
2, 71
Suppose -18 = 6*u - 7*u. What are the prime factors of u?
2, 3
Let a be 0*(3/(-2) - -2). Suppose 2*p - 78 = -a*p. List the prime factors of p.
3, 13
Let p be (-54)/(-3 + 1) - -3. List the prime factors of 1 + 1 + -4 + p.
2, 7
Let o be (-15)/(-6)*(-48)/(-20). What are the prime factors of -6*-1*15/o?
3, 5
Suppose 30 = -x - 0*o - o, x - 5*o = -36. Let f = -19 - x. List the prime factors of f.
2, 3
Let z(q) = 5*q**2 - q + 1. List the prime factors of z(-3).
7
List the prime factors of 155/(-2)*16/40*-5.
5, 31
Let p(u) = -2*u**2 - 2*u + 2. Let w be p(-5). Let a be -1 + 2*w/(-4). Suppose -2*i = -4*i + a. What are the prime factors of i?
3
Suppose -h = -3 - 0. Let n(t) = 2*t - 2